{"id":119,"date":"2018-12-19T14:40:03","date_gmt":"2018-12-19T14:40:03","guid":{"rendered":"http:\/\/larachristen.ch\/?page_id=119"},"modified":"2019-02-13T21:00:53","modified_gmt":"2019-02-13T21:00:53","slug":"test","status":"publish","type":"page","link":"https:\/\/larachristen.ch\/?page_id=119","title":{"rendered":"Diplomarbeit"},"content":{"rendered":"<h1><span style=\"color: #000000; font-family: Calibri;\">Hexen fr\u00fcher und heute in Schaffhausen<\/span><\/h1>\n<p><b>F\u00fcr meine Diplomarbeit f\u00fcr das Medienausbildungszentrum (Maz) in Luzern habe ich mich mit dem Thema Hexen in Schaffhausen befasst. Dabei habe ich nicht nur \u00fcber die ersten Erw\u00e4hnungen und Verbrennungen recherchiert, sondern habe auch eine heute in Schaffhausen lebende Hexe ausfindig gemacht. Mehr zu den jeweiligen Aspekten erfahrt ihr <\/b><b>hier.<\/b><\/p>\n<p>&nbsp;<\/p>\n<h4><span style=\"color: #000000; font-family: Calibri;\">\u00abIch bin eine praktizierende Hexe\u00bb<\/span><\/h4>\n<p><span style=\"color: #000000; font-family: Calibri;\">Sie wirkt wie eine v\u00f6llig normale Frau im mittleren Alter. Lockere unauff\u00e4llige Kleidung, r\u00f6tliche Haare und ein L\u00e4cheln im Gesicht. Creanna, wie sie sich selbst nennt, hat aber eine spezielle Lebenseinstellung. \u00abIch bin eine praktizierende Hexe\u00bb, sagte sie mir im Interview. Mit Heilsteinen, Kr\u00e4utern und nat\u00fcrlich auch Zauberspr\u00fcchen unterst\u00fctzt sie Menschen bei ihren Problemen und versucht zu helfen. F\u00fcr die Kamera wollte sie sich nicht ablichten lassen, allerdings hat sie mir noch mehr von sich im Interview erz\u00e4hlt. Wie sie zur Hexe geworden ist und wie ihr Alltag aussieht, k\u00f6nnt ihr in meiner Diplomarbeit h\u00f6ren. Auch die Geschichte der Schaffhauser Hexenverbrennungen werde ich euch darin n\u00e4herbringen. Diese k\u00f6nnt ihr allerdings auch untenstehend nachlesen oder im Video erfahren.<\/span><\/p>\n<p>&nbsp;<\/p>\n<p><iframe loading=\"lazy\" title=\"Hexen fr\u00fcher und heute in Schaffhausen by Lara Christen\" width=\"700\" height=\"400\" scrolling=\"no\" frameborder=\"no\" src=\"https:\/\/w.soundcloud.com\/player\/?visual=true&#038;url=https%3A%2F%2Fapi.soundcloud.com%2Ftracks%2F574864536&#038;show_artwork=true&#038;maxheight=1000&#038;maxwidth=700\"><\/iframe><\/p>\n<p>&nbsp;<\/p>\n<h4><span style=\"color: #000000; font-family: Calibri;\">Ursprung der Hexenverfolgung<\/span><\/h4>\n<p><span style=\"color: #000000; font-family: Calibri;\">Bereits im Alten Testament hiess es \u00abZauberer sollst du nicht am Leben lassen\u00bb.&nbsp; Dies bildete die Basis f\u00fcr die sp\u00e4teren Hexenverfolgen, erz\u00e4hlt der Schaffhauser Stadtarchivar Peter Scheck. <\/span><\/p>\n<p><iframe loading=\"lazy\" width=\"560\" height=\"315\" src=\"https:\/\/www.youtube.com\/embed\/daMJ9gYpc5c\" frameborder=\"0\" allowfullscreen=\"allowfullscreen\"><\/iframe><\/p>\n<p><span style=\"color: #000000; font-family: Calibri;\">Der Papst verk\u00fcndete Hexen m\u00fcssen verfolgt und get\u00f6tet werden, wobei es nur eine m\u00f6gliche Strafe gab: Die Reinigung durch das Feuer. Welche Personen auf dem Scheiterhaufen gelandet sind hat variiert. Meistens traf es Sonderlinge, Leute die sich nicht richtig in die Gesellschaft integrieren konnten. Aber auch Hebammen und Leute die sich mit Kr\u00e4uterkunde auskannten, standen schnell unter dem Verdacht Hexen zu sein. <\/span><\/p>\n<p>&nbsp;<\/p>\n<h4><span style=\"color: #000000; font-family: Calibri;\">Erste Hexenverbrennung in der Schweiz<\/span><\/h4>\n<p><span style=\"color: #000000; font-family: Calibri;\">Der Kanton Schaffhausen sticht in der Geschichte der Hexenverbrennung heraus. Die erste dokumentierte Hexenverbrennung fand 1402 in Schaffhausen statt. Das belegt die Stadtrechnung aus diesem Jahr. Unter dem Titel \u00abStadtgewerbe\u00bb sind verschiedene Eintr\u00e4ge zu Hexen zu finden. Beispielsweise ist von einem \u00abhegsen brand\u00bb die Rede. <\/span><span style=\"color: #000000; font-family: Calibri;\">Damit ist die erste Hexenverbrennung der Schweiz und damit auch eine der ersten in ganz Europa bewiesen. Wo genau in Schaffhausen die Hexen verbrannt wurden, wird aus den Aufzeichnungen der Stadtrechnung nicht klar. Allerdings ist bekannt, wo die vermeintlichen Hexen zu einem Gest\u00e4ndnis gezwungen wurden.<\/span><\/p>\n<figure id=\"attachment_146\" aria-describedby=\"caption-attachment-146\" style=\"width: 300px\" class=\"wp-caption alignnone\"><img loading=\"lazy\" decoding=\"async\" width=\"300\" height=\"177\" class=\"size-medium wp-image-146\" alt=\"\" src=\"http:\/\/larachristen.ch\/wp-content\/uploads\/2018\/12\/neu-stadtrechnung-300x177.jpg\" srcset=\"https:\/\/larachristen.ch\/wp-content\/uploads\/2018\/12\/neu-stadtrechnung-300x177.jpg 300w, https:\/\/larachristen.ch\/wp-content\/uploads\/2018\/12\/neu-stadtrechnung-768x453.jpg 768w, https:\/\/larachristen.ch\/wp-content\/uploads\/2018\/12\/neu-stadtrechnung-772x455.jpg 772w, https:\/\/larachristen.ch\/wp-content\/uploads\/2018\/12\/neu-stadtrechnung-314x185.jpg 314w, https:\/\/larachristen.ch\/wp-content\/uploads\/2018\/12\/neu-stadtrechnung.jpg 857w\" sizes=\"auto, (max-width: 300px) 100vw, 300px\" \/><figcaption id=\"caption-attachment-146\" class=\"wp-caption-text\">Auszug aus der Stadtrechnung von 1402.<\/figcaption><\/figure>\n<p>&nbsp;<\/p>\n<h4><span style=\"color: #000000; font-family: Calibri;\">Folterungen im ehemaligen Rathaus<\/span><\/h4>\n<p><span style=\"color: #000000; font-family: Calibri;\">Gegen\u00fcber der Kirch St. Johann in der Stadt Schaffhausen befindet sich das ehemalige Rathaus. Neben wichtigen Gesch\u00e4ften ging es dort fr\u00fcher auch sehr handfest zu und her. Diverse Personen wurden dort gefoltert. F\u00fcr weitere Details k\u00f6nnt ihr entweder die Slideshow durchbl\u00e4ttern oder einfach weiterlesen.<\/span><\/p>\n<p><span style=\"color: #000000; font-family: Calibri;\">&nbsp;<\/span><\/p>\n<p>[metaslider id=&#8220;149&#8243;]<\/p>\n<p><span style=\"color: #000000; font-family: Calibri;\">&nbsp;<\/span><\/p>\n<p><span style=\"color: #000000; font-family: Calibri;\">Diebe, M\u00f6rder aber auch vermeintliche Hexen wurden im ehemaligen Rathaus, welches heute in Privatbesitz ist, gequ\u00e4lt. Ohne ein Gest\u00e4ndnis konnte es damals keinen Schuldspruch geben, erkl\u00e4rt Stadtarchivar Peter Scheck. Die Beschuldigten wurden an den Armen an die Decke geh\u00e4ngt und gestreckt. Heisses Eisen wurde auf die Haut gepresst und heisses Pech wurde in Wunden gegossen. Selbst wenn die Beschuldigten die Folter durchstanden ohne ein Gest\u00e4ndnis abzuliefern, hatten sie keine hohe Lebenserwartung mehr.<\/span><\/p>\n","protected":false},"excerpt":{"rendered":"<p>Hexen fr\u00fcher und heute in Schaffhausen F\u00fcr meine Diplomarbeit f\u00fcr das Medienausbildungszentrum (Maz) in Luzern habe ich mich mit dem Thema Hexen in Schaffhausen befasst. Dabei habe ich nicht nur \u00fcber die ersten Erw\u00e4hnungen und Verbrennungen recherchiert, sondern habe auch eine heute in Schaffhausen lebende Hexe ausfindig gemacht. Mehr zu den jeweiligen Aspekten erfahrt ihr &hellip; <a href=\"https:\/\/larachristen.ch\/?page_id=119\" class=\"more-link\"><span class=\"screen-reader-text\">Diplomarbeit<\/span> weiterlesen<\/a><\/p>\n","protected":false},"author":2,"featured_media":0,"parent":0,"menu_order":0,"comment_status":"closed","ping_status":"closed","template":"","meta":{"footnotes":""},"class_list":["post-119","page","type-page","status-publish","hentry"],"_links":{"self":[{"href":"https:\/\/larachristen.ch\/index.php?rest_route=\/wp\/v2\/pages\/119","targetHints":{"allow":["GET"]}}],"collection":[{"href":"https:\/\/larachristen.ch\/index.php?rest_route=\/wp\/v2\/pages"}],"about":[{"href":"https:\/\/larachristen.ch\/index.php?rest_route=\/wp\/v2\/types\/page"}],"author":[{"embeddable":true,"href":"https:\/\/larachristen.ch\/index.php?rest_route=\/wp\/v2\/users\/2"}],"replies":[{"embeddable":true,"href":"https:\/\/larachristen.ch\/index.php?rest_route=%2Fwp%2Fv2%2Fcomments&post=119"}],"version-history":[{"count":14,"href":"https:\/\/larachristen.ch\/index.php?rest_route=\/wp\/v2\/pages\/119\/revisions"}],"predecessor-version":[{"id":208,"href":"https:\/\/larachristen.ch\/index.php?rest_route=\/wp\/v2\/pages\/119\/revisions\/208"}],"wp:attachment":[{"href":"https:\/\/larachristen.ch\/index.php?rest_route=%2Fwp%2Fv2%2Fmedia&parent=119"}],"curies":[{"name":"wp","href":"https:\/\/api.w.org\/{rel}","templated":true}]}}